f m?
2, 11
Let t = 154 + -74. Suppose 2*k - k = -t. Let h = k - -123. What are the prime factors of h?
43
Let h(l) = l**3 + 7 + 6*l**2 + 5*l - 1 + 1. Let q = -49 + 44. List the prime factors of h(q).
7
Suppose -3*v + 185 = -2*v - j, -3*v = -4*j - 555. What are the prime factors of v?
5, 37
Let i(n) = 51*n + 61. What are the prime factors of i(6)?
367
Let p = 5279 - 2899. What are the prime factors of p?
2, 5, 7, 17
Let w be (-1 - 4)*1266/(-15). Suppose 6*b = 328 + w. What are the prime factors of b?
5
Suppose m + j = 547, 4*m - 1375 - 821 = -2*j. What are the prime factors of m?
19, 29
Let v(k) = 3*k**2 + 4*k - 1. Let j(g) = g - 9. Let p be j(9). Suppose 0 = 3*n - p*n + 9. What are the prime factors of v(n)?
2, 7
Let m(c) = c**2 + 22*c - 2. What are the prime factors of m(-28)?
2, 83
Let u be ((-24)/8)/((6/4)/(-1)). Suppose 0 = -3*s + 5*s - u*w - 254, -4*s + w = -499. List the prime factors of s.
2, 31
Let j(o) = o - 1. Let t(u) = u**2 + 8*u + 21. Let a be t(-6). List the prime factors of j(a).
2
Let u = 315 + -259. List the prime factors of u.
2, 7
Suppose -1200 = 35*s - 39*s. What are the prime factors of s?
2, 3, 5
Let x(k) = k + 11. Let o be x(-7). Suppose -s = 5, -3*n - o*s = 50 - 207. What are the prime factors of n?
59
Let j(p) be the first derivative of p**2 + 162*p + 2. List the prime factors of j(0).
2, 3
Let u = -776 + 1003. What are the prime factors of u?
227
Let f = -22 - -40. Let w be 711/15 - 24/60. Let x = w - f. What are the prime factors of x?
29
Let m = 414 + 341. What are the prime factors of m?
5, 151
List the prime factors of ((-1206)/96*-4)/(12/928).
2, 29, 67
Suppose -s + 15 = 7. Suppose -s*n = -3*n + 4*v - 373, -228 = -3*n - v. List the prime factors of n.
7, 11
Let f(h) = h**3 + 6*h**2 - 5*h - 3. Let a(u) = 3*u**2 - 3*u - 1. Let w(q) = 5*a(q) - 3*f(q). Suppose -14 = 4*z - 2. List the prime factors of w(z).
2, 29
Suppose -v - 4245 = -5*g + 4*v, 0 = -2*v + 6. What are the prime factors of g?
2, 3, 71
Let o(u) be the third derivative of u**4/12 + 7*u**2. Let s be o(-1). What are the prime factors of (1 - (-150)/3) + s?
7
Suppose 7*y + 2*y = -837. Let q = 180 + y. List the prime factors of q.
3, 29
Let f(m) = 19*m + 94. What are the prime factors of f(37)?
797
Let r = 5131 - 2596. List the prime factors of r.
3, 5, 13
Suppose -5*t + 4*t = -4*j - 27, j + 1 = 0. What are the prime factors of 3 - 1 - (0 - t)?
5
Suppose -13*t = -7*t - 1008. Let y = -100 + t. List the prime factors of y.
2, 17
Suppose 5*o + 0*o + g = -16, 0 = -2*g + 8. List the prime factors of -15*4/o - 3.
2, 3
Let b(p) = -42*p + 22. List the prime factors of b(-7).
2, 79
Suppose -k + 12 = 5*b, -1 = -k - 4. Suppose -3*h + b*f + 165 = -84, -h + 77 = -3*f. List the prime factors of h.
2, 43
Suppose -4*p + 3*b = 131, p - 5*b = -3*p - 141. Suppose -y = s + 2*s + 3, -y - 27 = -3*s. Let c = y - p. List the prime factors of c.
2, 7
Let v be ((-3)/(-9))/(1/9). Let r(c) = c. Let i(q) = 7*q + 6. Let g(f) = v*r(f) - i(f). List the prime factors of g(-5).
2, 7
Let i(w) be the first derivative of -3*w**2 + 12*w + 8. What are the prime factors of i(-7)?
2, 3
Suppose 4*m - 4 = -4. Suppose m = -6*q + 316 + 776. List the prime factors of q.
2, 7, 13
Suppose -4*a = u - 908, -5*a + 4*u + 1114 = -0*u. Suppose 1087 = 3*g + a. List the prime factors of g.
7, 41
List the prime factors of 273/(-2)*(-40)/60.
7, 13
Let k = -10 + 17. Suppose 5*h - 5*c = 15, k*h - 4*h - 6 = 2*c. Suppose -5*x + 38 + 32 = h. What are the prime factors of x?
2, 7
Let v(m) be the third derivative of m**6/360 - m**5/40 + m**4/3 - m**3/2 - m**2. Let r(l) be the first derivative of v(l). What are the prime factors of r(6)?
2, 13
Let z = 834 - 227. List the prime factors of z.
607
Let u = -3 + 7. Suppose -g + 3*g + 8 = 0, s + u*g + 16 = 0. Suppose -5*d + 12 = n, 5*d + s*n = -5*n. What are the prime factors of d?
3
Let q(m) = -89*m + 1. Suppose 0 = -9*r - 15 + 6. List the prime factors of q(r).
2, 3, 5
Suppose 12 = -4*g + m, 2*g + 5*m = 6 + 10. Let z be 21 + 6 - (g - 1). Let p = z - 9. List the prime factors of p.
3, 7
Let r = -28 - -37. Suppose r*a - 765 = 4*a. What are the prime factors of a?
3, 17
Suppose -3*r + 12 = -l, 8*r + 4*l - 3 = 3*r. Let g be (-51 + 0)*r/9. Let a = g + 40. What are the prime factors of a?
23
Suppose -2*o + 487 = 4*d - d, 3*o = -d + 153. Suppose 3*i = d + 18. What are the prime factors of i?
61
Suppose o = -3*o + 372. What are the prime factors of 4433/o - 10/6?
2, 23
Let v = 20 - -19. Suppose -n + v = -46. List the prime factors of n.
5, 17
Suppose -l + 3*l - 8 = 0. Let b = 12 - l. Suppose -d + b = d. What are the prime factors of d?
2
Let p(l) = 1104*l**2 - 49*l - 93. What are the prime factors of p(-2)?
4421
Let n be -4 - -2 - -2 - -2. Let w(r) = -5 + 2*r**n - 7*r**2 + 10*r**2 + 3*r. List the prime factors of w(-4).
3, 7
What are the prime factors of (-5 - -4)*(-4346)/1?
2, 41, 53
What are the prime factors of (130/(-15))/((-3)/162)?
2, 3, 13
Let h(l) = -l + 12. Let v be h(7). Let d be (-1)/v - (-180)/25. Suppose 0 = -3*u + 5*i + 32, -3*u - 2*i = -d*u + 24. What are the prime factors of u?
2
Let g(n) = -11*n - 96. Let p be (-12)/(-3) - (-3 + 21). What are the prime factors of g(p)?
2, 29
Suppose 0 = 2*t - 171 - 457. What are the prime factors of t?
2, 157
Let r = 101 + 421. Suppose -u + 2*u - r = -5*i, 422 = 4*i + 3*u. What are the prime factors of i?
2, 13
Let g(f) = -f - 62. Let u be g(0). Suppose -2 = 2*n, 5*z - 8*n = -4*n + 519. Let m = u + z. List the prime factors of m.
41
Suppose 167 = r + 5*a, 3*r = 5*a + 386 + 75. What are the prime factors of r?
157
Let v = 21 - 20. Let n be (6 + -5)/(v/6). Let j = n - -2. List the prime factors of j.
2
Let n be (-830)/40 - (-1)/(-4). Let g = n - -24. Suppose -82 = -g*y + 2*p, -5*y - 4*p + 2*p + 142 = 0. List the prime factors of y.
2, 7
Suppose 0 = t + 2*l - 973, -5*l - 644 = -t + 301. List the prime factors of t.
5, 193
Let h = -11 + 6. Let p = h - -1. Let s(v) = -6*v - 1. What are the prime factors of s(p)?
23
Suppose 126 = 3*h - 120. Suppose -h = 10*t - 12*t. List the prime factors of t.
41
Suppose -758 = -z + 5*g, -z - 3*z - 5*g = -2932. List the prime factors of z.
2, 3, 41
Suppose -d + 5*l + 4 = -9, d + 8 = -2*l. Let q be (-128)/56 - d/7. What are the prime factors of 22 + 2 - 4/q?
2, 13
Suppose 3*z - 122 = -q, 0*q = 5*q + 20. Suppose 0 = 4*y - 5*v - z, -2*y = -0*v - 3*v - 22. Suppose -3*w + y*w = 25. What are the prime factors of w?
5
Let k(v) = v**2 - 7*v - 8. Let i be k(8). Suppose i = -r + 5*r - 104. Suppose 32 = x - r. List the prime factors of x.
2, 29
Let q = -3026 - -5486. What are the prime factors of q?
2, 3, 5, 41
Suppose 5*v - 3*a = 2*v - 9, 3*a - 8 = 4*v. Let s(i) = 82*i + 1. What are the prime factors of s(v)?
83
Let f be 3 + -149*(-3 + 2). Let l = f + -106. List the prime factors of l.
2, 23
Suppose -5*p = 3*j, 5*j + 17 = -p - 5. Let s(f) be the second derivative of f**4/12 + f**3/6 - f**2/2 + f. What are the prime factors of s(p)?
11
Let y(f) = 116*f**2 + 10*f + 69. What are the prime factors of y(-4)?
5, 13, 29
Suppose -q = 4*q. Suppose q = 14*u - 9*u - 190. What are the prime factors of u?
2, 19
Let g(o) = o**2 - o - 1. Let j(c) = 13*c**3 + 5*c**2 - 5*c - 5. Let v(x) = 10*g(x) - 2*j(x). List the prime factors of v(-1).
2, 13
Suppose 4*t - 88 = -4*t. Let d(y) = y**3 - 10*y**2 - 8*y - 20. List the prime factors of d(t).
13
Let o(z) = z**3 + 10*z**2 + 4*z + 14. Suppose 0 = 9*d + 1 + 62. What are the prime factors of o(d)?
7, 19
Let d(n) = -n**2 - 39*n + 101. List the prime factors of d(-33).
13, 23
Let o(g) = -4*g**3 + 4*g**2 + 10*g + 138. What are the prime factors of o(-6)?
2, 3, 181
Let v be (-5)/4 - (-68)/16. Suppose 2*b + v*b = 565. List the prime factors of b.
113
Suppose 0 = -2*m - 4*m + 726. Let g = m + -9. Let n = g - 44. List the prime factors of n.
2, 17
Suppose 3 = -3*s - 6. Let a = 15 + s. Let n(l) = 3*l + 13. List the prime factors of n(a).
7
Suppose -m = 3*g + 9 - 24, 0 = 4*m - g - 8. Let n = m - -109. List the prime factors of n.
2, 7
Let o be 2*15/12*34. Let j = 3 - 2. Suppose f + 3*p + j = -p, 0 = 5*f + 2*p - o. List the prime factors of f.
19
Let z = -38 + -13. Let t = z + 64. List the prime factors of t.
13
Let j be (-2 - 12)*(4 - 3). What are the prime factors of (14/(-49))/1 + (-1096)/j?
2,